the highest common divisor of 309 and 728313.
309
What is the highest common divisor of 5244 and 148488?
276
What is the greatest common factor of 72684 and 3564?
108
Calculate the greatest common divisor of 1381998 and 374.
34
What is the greatest common divisor of 2240 and 8380?
20
Calculate the highest common factor of 66 and 887007.
33
What is the greatest common divisor of 25 and 165200?
25
Calculate the greatest common factor of 176 and 12528.
16
What is the greatest common factor of 118342 and 9737?
749
What is the highest common divisor of 180824 and 112?
56
What is the highest common factor of 158 and 225308?
158
Calculate the highest common factor of 24 and 5276.
4
Calculate the greatest common factor of 9454 and 5858.
58
What is the highest common divisor of 615 and 1704165?
615
What is the greatest common factor of 60927 and 276?
69
What is the highest common factor of 2175 and 8729?
29
Calculate the highest common divisor of 6474 and 1794.
78
What is the greatest common divisor of 8540 and 3850?
70
What is the greatest common divisor of 179262 and 1?
1
What is the highest common factor of 23401 and 2429?
7
What is the greatest common divisor of 1674 and 24676?
62
Calculate the highest common factor of 1356423 and 1041.
1041
What is the highest common divisor of 2263888 and 19?
19
What is the highest common factor of 31417 and 1765?
353
What is the highest common factor of 24552 and 46728?
792
What is the highest common factor of 87468 and 78012?
2364
Calculate the highest common divisor of 345642 and 88.
22
What is the highest common factor of 215 and 397105?
215
What is the highest common divisor of 4386 and 7611?
129
Calculate the highest common factor of 78166 and 15827.
323
Calculate the greatest common divisor of 77054 and 354.
118
What is the highest common factor of 2185 and 44365?
95
What is the highest common factor of 65 and 8005?
5
Calculate the highest common divisor of 20380 and 194629.
1019
Calculate the greatest common factor of 82433 and 34.
17
What is the highest common factor of 16 and 5210304?
16
What is the highest common factor of 76155 and 60?
15
What is the greatest common factor of 780 and 141765?
195
What is the highest common factor of 8960 and 4858?
14
What is the highest common divisor of 22736 and 94864?
784
Calculate the highest common factor of 2436584 and 488.
488
What is the highest common divisor of 751936 and 2?
2
Calculate the highest common divisor of 280164 and 6.
6
Calculate the greatest common divisor of 18565 and 1175.
235
Calculate the highest common divisor of 6512 and 477004.
1628
Calculate the greatest common divisor of 5 and 9395.
5
Calculate the highest common divisor of 336490 and 6670.
230
What is the greatest common factor of 16284 and 6726?
354
Calculate the greatest common factor of 7098 and 2184.
546
Calculate the greatest common divisor of 2418 and 57846.
186
What is the greatest common factor of 237 and 56643?
237
Calculate the greatest common factor of 220 and 132550.
110
What is the highest common factor of 1190 and 15130?
170
What is the highest common divisor of 67005 and 279?
9
What is the highest common factor of 209 and 1661?
11
Calculate the highest common divisor of 8784 and 10370.
122
Calculate the highest common factor of 193638 and 708.
354
What is the highest common divisor of 31312 and 57?
19
What is the highest common divisor of 143 and 1383317?
13
Calculate the highest common factor of 1875 and 5385.
15
Calculate the greatest common factor of 22048 and 96.
32
What is the greatest common factor of 18210 and 15?
15
Calculate the highest common divisor of 345 and 13335.
15
What is the greatest common divisor of 190802 and 24?
2
Calculate the highest common factor of 144 and 131724.
36
Calculate the highest common divisor of 300192 and 236.
236
What is the greatest common divisor of 179 and 456271?
179
Calculate the greatest common divisor of 11 and 6611.
11
What is the highest common factor of 1608387 and 705?
141
What is the highest common divisor of 1242 and 108261?
207
What is the greatest common factor of 42898 and 8188?
178
Calculate the greatest common factor of 270 and 54648.
54
Calculate the highest common factor of 882 and 474075.
441
What is the greatest common factor of 153286 and 14?
14
Calculate the greatest common factor of 15499 and 286.
11
Calculate the highest common factor of 161 and 427777.
161
What is the greatest common divisor of 38148 and 6?
6
What is the highest common divisor of 4422 and 52327?
737
What is the highest common divisor of 1159 and 6649?
61
What is the greatest common factor of 45450 and 1414?
202
Calculate the greatest common divisor of 14069 and 473.
11
Calculate the highest common factor of 56 and 328531.
7
What is the highest common divisor of 9315 and 219510?
405
Calculate the highest common factor of 3990 and 221046.
798
Calculate the highest common factor of 1649 and 362683.
97
What is the highest common factor of 718220 and 40?
20
What is the greatest common factor of 45 and 3303?
9
Calculate the greatest common divisor of 33675 and 1175.
25
What is the greatest common factor of 6080 and 103170?
190
Calculate the greatest common divisor of 30720 and 416640.
1920
Calculate the greatest common factor of 33278 and 266.
14
What is the greatest common divisor of 96 and 98976?
96
What is the greatest common divisor of 640 and 3008?
64
What is the highest common divisor of 2697488 and 2544?
848
What is the greatest common factor of 13728 and 242?
22
Calculate the highest common divisor of 27 and 9597.
3
Calculate the highest common factor of 601600 and 2048.
512
Calculate the highest common factor of 840 and 232320.
120
What is the greatest common factor of 2630719 and 91?
91
Calculate the greatest common divisor of 907804 and 2356.
124
Calculate the highest common divisor of 176 and 262768.
176
Calculate the highest common divisor of 462 and 180565.
77
Calculate the highest common factor of 3072 and 120000.
192
Calculate the highest common divisor of 443415 and 1236.
309
Calculate the greatest common divisor of 285 and 9880.
95
Calculate the highest common divisor of 2385 and 465.
15
Calculate the highest common divisor of 56018 and 1850.
74
What is the highest common divisor of 999 and 32634?
333
What is the greatest common factor of 76 and 476?
4
What is the highest common factor of 12414 and 6?
6
What is the greatest common factor of 2114 and 389278?
302
Calculate the greatest common divisor of 4940 and 8740.
380
Calculate the highest common divisor of 14755 and 325.
65
Calculate the greatest common divisor of 2080 and 737620.
260
Calculate the highest common factor of 278 and 304966.
278
Calculate the greatest common divisor of 2475 and 47850.
825
What is the highest common divisor of 209 and 12067?
11
What is the highest common divisor of 69804 and 476?
28
What is the greatest common divisor of 137311 and 366?
61
What is the greatest common divisor of 48828 and 78?
78
Calculate the greatest common factor of 18 and 668106.
18
Calculate the highest common divisor of 1152 and 2916.
36
Calculate the highest common factor of 64536 and 24.
24
Calculate the greatest common factor of 12730 and 361.
19
Calculate the greatest common divisor of 6969 and 345.
69
Calculate the greatest common divisor of 52 and 91028.
4
Calculate the highest common factor of 3 and 5701.
1
What is the greatest common divisor of 7735 and 11480?
35
Calculate the greatest common factor of 297 and 14751.
99
What is the highest common divisor of 217 and 218922?
31
Calculate the greatest common divisor of 195 and 16755.
15
What is the highest common divisor of 2581 and 522?
29
Calculate the greatest common factor of 220 and 230.
10
Calculate the greatest common factor of 58 and 310503.
29
Calculate the highest common factor of 93 and 8459249.
31
What is the greatest common divisor of 424376 and 368?
8
What is the highest common factor of 138182 and 704?
22
Calculate the highest common factor of 15598 and 66.
22
Calculate the highest common divisor of 4365 and 11970.
45
What is the highest common divisor of 1 and 283?
1
Calculate the highest common factor of 574 and 7784.
14
What is the highest common divisor of 194 and 59267?
97
What is the greatest co